{"id":55,"date":"2023-06-15T13:46:26","date_gmt":"2023-06-15T11:46:26","guid":{"rendered":"https:\/\/loopys.pl\/gdansk\/restauracja\/"},"modified":"2024-07-09T13:35:09","modified_gmt":"2024-07-09T11:35:09","slug":"restauracja","status":"publish","type":"page","link":"https:\/\/loopys.pl\/gdansk\/restauracja\/","title":{"rendered":"Restauracja"},"content":{"rendered":"\t\t<div data-elementor-type=\"wp-page\" data-elementor-id=\"55\" class=\"elementor elementor-55\" data-elementor-post-type=\"page\">\n\t\t\t\t<div class=\"elementor-element elementor-element-b075d73 e-flex e-con-boxed e-con e-parent\" data-id=\"b075d73\" data-element_type=\"container\" data-e-type=\"container\">\n\t\t\t\t\t<div class=\"e-con-inner\">\n\t\t\t\t<div class=\"elementor-element elementor-element-96d2b06 elementor-widget elementor-widget-heading\" data-id=\"96d2b06\" data-element_type=\"widget\" data-e-type=\"widget\" data-widget_type=\"heading.default\">\n\t\t\t\t<div class=\"elementor-widget-container\">\n\t\t\t\t\t<h2 class=\"elementor-heading-title elementor-size-default\">Podczas szalonej zabawy w Loopy\u2019s World, ka\u017cdy nabiera apetytu.<\/h2>\t\t\t\t<\/div>\n\t\t\t\t<\/div>\n\t\t\t\t<div class=\"elementor-element elementor-element-30b6b7f elementor-widget elementor-widget-heading\" data-id=\"30b6b7f\" data-element_type=\"widget\" data-e-type=\"widget\" data-widget_type=\"heading.default\">\n\t\t\t\t<div class=\"elementor-widget-container\">\n\t\t\t\t\t<h3 class=\"elementor-heading-title elementor-size-default\">Dlatego codziennie:<\/h3>\t\t\t\t<\/div>\n\t\t\t\t<\/div>\n\t\t\t\t\t<\/div>\n\t\t\t\t<\/div>\n\t\t<div class=\"elementor-element elementor-element-6f0cdf4 e-grid e-con-boxed e-con e-parent\" data-id=\"6f0cdf4\" data-element_type=\"container\" data-e-type=\"container\">\n\t\t\t\t\t<div class=\"e-con-inner\">\n\t\t\t\t<div class=\"elementor-element elementor-element-3b84764 boxtlo elementor-position-top elementor-widget elementor-widget-image-box\" data-id=\"3b84764\" data-element_type=\"widget\" data-e-type=\"widget\" data-widget_type=\"image-box.default\">\n\t\t\t\t<div class=\"elementor-widget-container\">\n\t\t\t\t\t<div class=\"elementor-image-box-wrapper\"><figure class=\"elementor-image-box-img\"><img fetchpriority=\"high\" decoding=\"async\" width=\"600\" height=\"600\" src=\"https:\/\/loopys.pl\/gdansk\/wp-content\/uploads\/2024\/07\/pizza2.png\" class=\"elementor-animation-grow attachment-large size-large wp-image-14948\" alt=\"pizza w loopys world gda\u0144sk\" srcset=\"https:\/\/loopys.pl\/gdansk\/wp-content\/uploads\/2024\/07\/pizza2.png 600w, https:\/\/loopys.pl\/gdansk\/wp-content\/uploads\/2024\/07\/pizza2-300x300.png 300w, https:\/\/loopys.pl\/gdansk\/wp-content\/uploads\/2024\/07\/pizza2-150x150.png 150w, https:\/\/loopys.pl\/gdansk\/wp-content\/uploads\/2024\/07\/pizza2-12x12.png 12w\" sizes=\"(max-width: 600px) 100vw, 600px\" \/><\/figure><div class=\"elementor-image-box-content\"><h3 class=\"elementor-image-box-title\">zagniatamy ciasto na pizz\u0119<\/h3><\/div><\/div>\t\t\t\t<\/div>\n\t\t\t\t<\/div>\n\t\t\t\t<div class=\"elementor-element elementor-element-7dd60cc boxtlo elementor-position-top elementor-widget elementor-widget-image-box\" data-id=\"7dd60cc\" data-element_type=\"widget\" data-e-type=\"widget\" data-widget_type=\"image-box.default\">\n\t\t\t\t<div class=\"elementor-widget-container\">\n\t\t\t\t\t<div class=\"elementor-image-box-wrapper\"><figure class=\"elementor-image-box-img\"><img decoding=\"async\" width=\"600\" height=\"600\" src=\"https:\/\/loopys.pl\/gdansk\/wp-content\/uploads\/2024\/07\/ciasto2.png\" class=\"elementor-animation-grow attachment-full size-full wp-image-14946\" alt=\"sernik loopys world gda\u0144sk\" srcset=\"https:\/\/loopys.pl\/gdansk\/wp-content\/uploads\/2024\/07\/ciasto2.png 600w, https:\/\/loopys.pl\/gdansk\/wp-content\/uploads\/2024\/07\/ciasto2-300x300.png 300w, https:\/\/loopys.pl\/gdansk\/wp-content\/uploads\/2024\/07\/ciasto2-150x150.png 150w, https:\/\/loopys.pl\/gdansk\/wp-content\/uploads\/2024\/07\/ciasto2-12x12.png 12w\" sizes=\"(max-width: 600px) 100vw, 600px\" \/><\/figure><div class=\"elementor-image-box-content\"><h3 class=\"elementor-image-box-title\">pieczemy puszyste ciasta<\/h3><\/div><\/div>\t\t\t\t<\/div>\n\t\t\t\t<\/div>\n\t\t\t\t<div class=\"elementor-element elementor-element-c3a6b54 boxtlo elementor-position-top elementor-widget elementor-widget-image-box\" data-id=\"c3a6b54\" data-element_type=\"widget\" data-e-type=\"widget\" data-widget_type=\"image-box.default\">\n\t\t\t\t<div class=\"elementor-widget-container\">\n\t\t\t\t\t<div class=\"elementor-image-box-wrapper\"><figure class=\"elementor-image-box-img\"><img decoding=\"async\" width=\"600\" height=\"600\" src=\"https:\/\/loopys.pl\/gdansk\/wp-content\/uploads\/2024\/07\/salatka2.png\" class=\"elementor-animation-grow attachment-full size-full wp-image-14945\" alt=\"sa\u0142atka z pieczywem loopys world gda\u0144sk\" srcset=\"https:\/\/loopys.pl\/gdansk\/wp-content\/uploads\/2024\/07\/salatka2.png 600w, https:\/\/loopys.pl\/gdansk\/wp-content\/uploads\/2024\/07\/salatka2-300x300.png 300w, https:\/\/loopys.pl\/gdansk\/wp-content\/uploads\/2024\/07\/salatka2-150x150.png 150w, https:\/\/loopys.pl\/gdansk\/wp-content\/uploads\/2024\/07\/salatka2-12x12.png 12w\" sizes=\"(max-width: 600px) 100vw, 600px\" \/><\/figure><div class=\"elementor-image-box-content\"><h3 class=\"elementor-image-box-title\">kroimy \u015bwie\u017ce warzywa do sa\u0142atek i makaron\u00f3w<\/h3><\/div><\/div>\t\t\t\t<\/div>\n\t\t\t\t<\/div>\n\t\t\t\t<div class=\"elementor-element elementor-element-b75cb32 boxtlo elementor-position-top elementor-widget elementor-widget-image-box\" data-id=\"b75cb32\" data-element_type=\"widget\" data-e-type=\"widget\" data-widget_type=\"image-box.default\">\n\t\t\t\t<div class=\"elementor-widget-container\">\n\t\t\t\t\t<div class=\"elementor-image-box-wrapper\"><figure class=\"elementor-image-box-img\"><img loading=\"lazy\" decoding=\"async\" width=\"600\" height=\"600\" src=\"https:\/\/loopys.pl\/gdansk\/wp-content\/uploads\/2024\/07\/picie2.png\" class=\"elementor-animation-grow attachment-full size-full wp-image-14947\" alt=\"lemoniada loopys world gda\u0144sk\" srcset=\"https:\/\/loopys.pl\/gdansk\/wp-content\/uploads\/2024\/07\/picie2.png 600w, https:\/\/loopys.pl\/gdansk\/wp-content\/uploads\/2024\/07\/picie2-300x300.png 300w, https:\/\/loopys.pl\/gdansk\/wp-content\/uploads\/2024\/07\/picie2-150x150.png 150w, https:\/\/loopys.pl\/gdansk\/wp-content\/uploads\/2024\/07\/picie2-12x12.png 12w\" sizes=\"(max-width: 600px) 100vw, 600px\" \/><\/figure><div class=\"elementor-image-box-content\"><h3 class=\"elementor-image-box-title\">wyciskamy soki z najbardziej pomara\u0144czowych pomara\u0144czy<\/h3><\/div><\/div>\t\t\t\t<\/div>\n\t\t\t\t<\/div>\n\t\t\t\t\t<\/div>\n\t\t\t\t<\/div>\n\t\t<div class=\"elementor-element elementor-element-81094a4 e-flex e-con-boxed e-con e-parent\" data-id=\"81094a4\" data-element_type=\"container\" data-e-type=\"container\" data-settings=\"{&quot;background_background&quot;:&quot;gradient&quot;}\">\n\t\t\t\t\t<div class=\"e-con-inner\">\n\t\t\t\t<div class=\"elementor-element elementor-element-9ac9154 elementor-widget elementor-widget-text-editor\" data-id=\"9ac9154\" data-element_type=\"widget\" data-e-type=\"widget\" data-widget_type=\"text-editor.default\">\n\t\t\t\t<div class=\"elementor-widget-container\">\n\t\t\t\t\t\t\t\t\t<p style=\"text-align: center;\">Kuchnia czynna jest od niedzieli do czwartku do godziny 19:00, w pi\u0105tek i w sobot\u0119 do godziny 20:00.<\/p>\t\t\t\t\t\t\t\t<\/div>\n\t\t\t\t<\/div>\n\t\t\t\t<div class=\"elementor-element elementor-element-1481f89 elementor-widget elementor-widget-shortcode\" data-id=\"1481f89\" data-element_type=\"widget\" data-e-type=\"widget\" data-widget_type=\"shortcode.default\">\n\t\t\t\t<div class=\"elementor-widget-container\">\n\t\t\t\t\t\t\t<div class=\"elementor-shortcode\"><div class=\"_df_book df-container df-loading \" id=\"df_13267\"  data-title=\"restauracja-menu\" _slug=\"13267\" wpoptions=\"true\" thumbtype=\"bg\" ><\/div><script class=\"df-shortcode-script\" type=\"application\/javascript\">window.option_df_13267 = {\"outline\":[],\"forceFit\":\"true\",\"autoEnableOutline\":\"false\",\"autoEnableThumbnail\":\"false\",\"overwritePDFOutline\":\"false\",\"direction\":\"1\",\"pageSize\":\"0\",\"source\":\"https:\\\/\\\/loopys.pl\\\/gdansk\\\/wp-content\\\/uploads\\\/2026\\\/01\\\/menu-got-1-styczen-2026.pdf\",\"wpOptions\":\"true\"}; if(window.DFLIP && window.DFLIP.parseBooks){window.DFLIP.parseBooks();}<\/script><\/div>\n\t\t\t\t\t\t<\/div>\n\t\t\t\t<\/div>\n\t\t\t\t\t<\/div>\n\t\t\t\t<\/div>\n\t\t<div class=\"elementor-element elementor-element-fe5dd5e e-flex e-con-boxed e-con e-parent\" data-id=\"fe5dd5e\" data-element_type=\"container\" data-e-type=\"container\" data-settings=\"{&quot;background_background&quot;:&quot;classic&quot;}\">\n\t\t\t\t\t<div class=\"e-con-inner\">\n\t\t\t\t\t<\/div>\n\t\t\t\t<\/div>\n\t\t\t\t<\/div>\n\t\t","protected":false},"excerpt":{"rendered":"<p>Podczas szalonej zabawy w Loopy\u2019s World, ka\u017cdy nabiera apetytu. Dlatego codziennie: zagniatamy ciasto na pizz\u0119 pieczemy puszyste ciasta kroimy \u015bwie\u017ce warzywa do sa\u0142atek i makaron\u00f3w wyciskamy soki z najbardziej pomara\u0144czowych pomara\u0144czy Kuchnia czynna jest od niedzieli do czwartku do godziny 19:00, w pi\u0105tek i w sobot\u0119 do godziny 20:00.<\/p>\n","protected":false},"author":11,"featured_media":0,"parent":0,"menu_order":0,"comment_status":"closed","ping_status":"closed","template":"","meta":{"_acf_changed":false,"_kad_blocks_custom_css":"","_kad_blocks_head_custom_js":"","_kad_blocks_body_custom_js":"","_kad_blocks_footer_custom_js":"","_kad_post_transparent":"","_kad_post_title":"hide","_kad_post_layout":"fullwidth","_kad_post_sidebar_id":"","_kad_post_content_style":"unboxed","_kad_post_vertical_padding":"hide","_kad_post_feature":"hide","_kad_post_feature_position":"","_kad_post_header":false,"_kad_post_footer":false,"_kad_post_classname":"","footnotes":""},"class_list":["post-55","page","type-page","status-publish","hentry"],"acf":[],"taxonomy_info":[],"featured_image_src_large":false,"author_info":{"display_name":"michal2","author_link":"https:\/\/loopys.pl\/gdansk\/author\/michal2\/"},"comment_info":0,"_links":{"self":[{"href":"https:\/\/loopys.pl\/gdansk\/wp-json\/wp\/v2\/pages\/55","targetHints":{"allow":["GET"]}}],"collection":[{"href":"https:\/\/loopys.pl\/gdansk\/wp-json\/wp\/v2\/pages"}],"about":[{"href":"https:\/\/loopys.pl\/gdansk\/wp-json\/wp\/v2\/types\/page"}],"author":[{"embeddable":true,"href":"https:\/\/loopys.pl\/gdansk\/wp-json\/wp\/v2\/users\/11"}],"replies":[{"embeddable":true,"href":"https:\/\/loopys.pl\/gdansk\/wp-json\/wp\/v2\/comments?post=55"}],"version-history":[{"count":0,"href":"https:\/\/loopys.pl\/gdansk\/wp-json\/wp\/v2\/pages\/55\/revisions"}],"wp:attachment":[{"href":"https:\/\/loopys.pl\/gdansk\/wp-json\/wp\/v2\/media?parent=55"}],"curies":[{"name":"wp","href":"https:\/\/api.w.org\/{rel}","templated":true}]}}