{"id":19027,"date":"2024-07-16T11:49:10","date_gmt":"2024-07-16T09:49:10","guid":{"rendered":"https:\/\/loopys.pl\/wroclaw\/?page_id=19027"},"modified":"2024-07-24T16:21:37","modified_gmt":"2024-07-24T14:21:37","slug":"mapa-witryny","status":"publish","type":"page","link":"https:\/\/loopys.pl\/wroclaw\/mapa-witryny\/","title":{"rendered":"Mapa witryny"},"content":{"rendered":"<style>.kb-row-layout-id19027_1fec7c-f0 > .kt-row-column-wrap{align-content:start;}:where(.kb-row-layout-id19027_1fec7c-f0 > .kt-row-column-wrap) > .wp-block-kadence-column{justify-content:start;}.kb-row-layout-id19027_1fec7c-f0 > .kt-row-column-wrap{column-gap:var(--global-kb-gap-md, 2rem);row-gap:var(--global-kb-gap-md, 2rem);max-width:var( --global-content-width, 1200px );padding-left:var(--global-content-edge-padding);padding-right:var(--global-content-edge-padding);padding-top:var(--global-kb-spacing-sm, 1.5rem);padding-bottom:var(--global-kb-spacing-sm, 1.5rem);grid-template-columns:minmax(0, 1fr);}.kb-row-layout-id19027_1fec7c-f0 > .kt-row-layout-overlay{opacity:0.30;}@media all and (max-width: 1024px){.kb-row-layout-id19027_1fec7c-f0 > .kt-row-column-wrap{grid-template-columns:minmax(0, 1fr);}}@media all and (max-width: 767px){.kb-row-layout-id19027_1fec7c-f0 > .kt-row-column-wrap{grid-template-columns:minmax(0, 1fr);}}<\/style><div class=\"kb-row-layout-wrap kb-row-layout-id19027_1fec7c-f0 alignnone wp-block-kadence-rowlayout\"><div class=\"kt-row-column-wrap kt-has-1-columns kt-row-layout-equal kt-tab-layout-inherit kt-mobile-layout-row kt-row-valign-top kb-theme-content-width\">\n<style>.kadence-column19027_e53e9f-7b > .kt-inside-inner-col,.kadence-column19027_e53e9f-7b > .kt-inside-inner-col:before{border-top-left-radius:0px;border-top-right-radius:0px;border-bottom-right-radius:0px;border-bottom-left-radius:0px;}.kadence-column19027_e53e9f-7b > .kt-inside-inner-col{column-gap:var(--global-kb-gap-sm, 1rem);}.kadence-column19027_e53e9f-7b > .kt-inside-inner-col{flex-direction:column;}.kadence-column19027_e53e9f-7b > .kt-inside-inner-col > .aligncenter{width:100%;}.kadence-column19027_e53e9f-7b > .kt-inside-inner-col:before{opacity:0.3;}.kadence-column19027_e53e9f-7b{position:relative;}@media all and (max-width: 1024px){.kadence-column19027_e53e9f-7b > .kt-inside-inner-col{flex-direction:column;justify-content:center;}}@media all and (max-width: 767px){.kadence-column19027_e53e9f-7b > .kt-inside-inner-col{flex-direction:column;justify-content:center;}}<\/style>\n<div class=\"wp-block-kadence-column kadence-column19027_e53e9f-7b\"><div class=\"kt-inside-inner-col\"><div class=\"rank-math-html-sitemap\"><div class=\"rank-math-html-sitemap__section rank-math-html-sitemap__section--post-type rank-math-html-sitemap__section--post\"><h2 class=\"rank-math-html-sitemap__title\">Wpisy<\/h2><ul class=\"rank-math-html-sitemap__list\"><li class=\"rank-math-html-sitemap__item\"><a href=\"https:\/\/loopys.pl\/wroclaw\/godziny_otwarcia\/\" class=\"rank-math-html-sitemap__link\">24 KWIETNIA - GODZINY OTWARCIA<\/a><\/li><li class=\"rank-math-html-sitemap__item\"><a href=\"https:\/\/loopys.pl\/wroclaw\/wielkanocne-godziny-otwarcia\/\" class=\"rank-math-html-sitemap__link\">WIELKANOCNE GODZINY OTWARCIA<\/a><\/li><li class=\"rank-math-html-sitemap__item\"><a href=\"https:\/\/loopys.pl\/wroclaw\/warsztaty-wielkanocne\/\" class=\"rank-math-html-sitemap__link\">WARSZTATY WIELKANOCNE<\/a><\/li><li class=\"rank-math-html-sitemap__item\"><a href=\"https:\/\/loopys.pl\/wroclaw\/promocja_wielkanocna\/\" class=\"rank-math-html-sitemap__link\">PROMOCJA WIELKANOCNA<\/a><\/li><li class=\"rank-math-html-sitemap__item\"><a href=\"https:\/\/loopys.pl\/wroclaw\/wosp-x-loopys-world-2026\/\" class=\"rank-math-html-sitemap__link\">WO\u015aP x Loopy\u2019s World 2026<\/a><\/li><li class=\"rank-math-html-sitemap__item\"><a href=\"https:\/\/loopys.pl\/wroclaw\/ferie-zimowe-2026\/\" class=\"rank-math-html-sitemap__link\">Ferie zimowe 2026<\/a><\/li><li class=\"rank-math-html-sitemap__item\"><a href=\"https:\/\/loopys.pl\/wroclaw\/sylwester\/\" class=\"rank-math-html-sitemap__link\">Sylwester 2025<\/a><\/li><li class=\"rank-math-html-sitemap__item\"><a href=\"https:\/\/loopys.pl\/wroclaw\/promocja_na_duzy_bilet\/\" class=\"rank-math-html-sitemap__link\">Promocja 2+1<\/a><\/li><li class=\"rank-math-html-sitemap__item\"><a href=\"https:\/\/loopys.pl\/wroclaw\/zmiana-godzin-otwarcia\/\" class=\"rank-math-html-sitemap__link\">Zmiana godzin otwarcia<\/a><\/li><li class=\"rank-math-html-sitemap__item\"><a href=\"https:\/\/loopys.pl\/wroclaw\/przerwa-swiateczna-2025\/\" class=\"rank-math-html-sitemap__link\">Przerwa \u015awi\u0105teczna 2025<\/a><\/li><li class=\"rank-math-html-sitemap__item\"><a href=\"https:\/\/loopys.pl\/wroclaw\/mikolajki-2025-animacje\/\" class=\"rank-math-html-sitemap__link\">MIKO\u0141AJ JUNIOR PRZEJMUJE \u015aWI\u0118TA \ud83c\udf85<\/a><\/li><li class=\"rank-math-html-sitemap__item\"><a href=\"https:\/\/loopys.pl\/wroclaw\/mikolajkowa-promocja-na-wejsciowki-do-loopys-31-gratis%f0%9f%8e%81\/\" class=\"rank-math-html-sitemap__link\">Miko\u0142ajkowa promocja na wej\u015bci\u00f3wki do Loopy&#039;s 3+1 gratis\ud83c\udf81<\/a><\/li><li class=\"rank-math-html-sitemap__item\"><a href=\"https:\/\/loopys.pl\/wroclaw\/pracownik-gastronomii\/\" class=\"rank-math-html-sitemap__link\">Pracownik gastronomii<\/a><\/li><li class=\"rank-math-html-sitemap__item\"><a href=\"https:\/\/loopys.pl\/wroclaw\/upiorne-przyjecie-w-loopys-world-2\/\" class=\"rank-math-html-sitemap__link\">Upiorny dzie\u0144 w Loopy&#039;s World!<\/a><\/li><li class=\"rank-math-html-sitemap__item\"><a href=\"https:\/\/loopys.pl\/wroclaw\/pracownik-obslugi-placu\/\" class=\"rank-math-html-sitemap__link\">Pracownik obs\u0142ugi placu<\/a><\/li><li class=\"rank-math-html-sitemap__item\"><a href=\"https:\/\/loopys.pl\/wroclaw\/pracownik-obslugi-imprez-tematycznych\/\" class=\"rank-math-html-sitemap__link\">Pracownik obs\u0142ugi imprez tematycznych<\/a><\/li><li class=\"rank-math-html-sitemap__item\"><a href=\"https:\/\/loopys.pl\/wroclaw\/upiorne-przyjecie-w-loopys-world\/\" class=\"rank-math-html-sitemap__link\">Upiorne przyj\u0119cie w Loopy&#039;s World<\/a><\/li><li class=\"rank-math-html-sitemap__item\"><a href=\"https:\/\/loopys.pl\/wroclaw\/uwaga-remont\/\" class=\"rank-math-html-sitemap__link\">\ud83d\udea7 UWAGA! REMONT \ud83d\udea7<\/a><\/li><li class=\"rank-math-html-sitemap__item\"><a href=\"https:\/\/loopys.pl\/wroclaw\/15-08-centrum-otwarte\/\" class=\"rank-math-html-sitemap__link\">15.08. - CENTRUM OTWARTE<\/a><\/li><li class=\"rank-math-html-sitemap__item\"><a href=\"https:\/\/loopys.pl\/wroclaw\/zabawa-z-samograjem\/\" class=\"rank-math-html-sitemap__link\">Zabawa z Samograjem<\/a><\/li><li class=\"rank-math-html-sitemap__item\"><a href=\"https:\/\/loopys.pl\/wroclaw\/urodzinyzpixelrush\/\" class=\"rank-math-html-sitemap__link\">Urodziny z now\u0105 atrakcj\u0105 PIXEL RUSH!<\/a><\/li><li class=\"rank-math-html-sitemap__item\"><a href=\"https:\/\/loopys.pl\/wroclaw\/wakacyjne-urodziny-w-loopys\/\" class=\"rank-math-html-sitemap__link\">Wakacyjne urodziny w Loopy&#039;s<\/a><\/li><li class=\"rank-math-html-sitemap__item\"><a href=\"https:\/\/loopys.pl\/wroclaw\/godziny-otwarcia-07-06\/\" class=\"rank-math-html-sitemap__link\">Godziny otwarcia 07.06<\/a><\/li><li class=\"rank-math-html-sitemap__item\"><a href=\"https:\/\/loopys.pl\/wroclaw\/letni-hit-2025\/\" class=\"rank-math-html-sitemap__link\">Letni hit 2025!<\/a><\/li><li class=\"rank-math-html-sitemap__item\"><a href=\"https:\/\/loopys.pl\/wroclaw\/roztanczony-dzien-dziecka\/\" class=\"rank-math-html-sitemap__link\">Rozta\u0144czony Dzie\u0144 Dziecka 2025<\/a><\/li><li class=\"rank-math-html-sitemap__item\"><a href=\"https:\/\/loopys.pl\/wroclaw\/majowka-2025\/\" class=\"rank-math-html-sitemap__link\">Maj\u00f3wka 2025<\/a><\/li><li class=\"rank-math-html-sitemap__item\"><a href=\"https:\/\/loopys.pl\/wroclaw\/wielkanoc-2025\/\" class=\"rank-math-html-sitemap__link\">Godziny otwarcia WIELKANOC 2025<\/a><\/li><li class=\"rank-math-html-sitemap__item\"><a href=\"https:\/\/loopys.pl\/wroclaw\/imprezy-firmowe-w-loopys-world\/\" class=\"rank-math-html-sitemap__link\">Imprezy firmowe w Loopy&#039;s World!<\/a><\/li><li class=\"rank-math-html-sitemap__item\"><a href=\"https:\/\/loopys.pl\/wroclaw\/spedz-aktywnie-weekend-ze-swoja-klasa\/\" class=\"rank-math-html-sitemap__link\">Aktywny weekend z klas\u0105!<\/a><\/li><li class=\"rank-math-html-sitemap__item\"><a href=\"https:\/\/loopys.pl\/wroclaw\/10-marca-nieczynne\/\" class=\"rank-math-html-sitemap__link\">10 marca - nieczynne<\/a><\/li><li class=\"rank-math-html-sitemap__item\"><a href=\"https:\/\/loopys.pl\/wroclaw\/konferencja-dla-oswiaty\/\" class=\"rank-math-html-sitemap__link\">KONFERENCJA DLA O\u015aWIATY<\/a><\/li><li class=\"rank-math-html-sitemap__item\"><a href=\"https:\/\/loopys.pl\/wroclaw\/specjalista-ds-sprzedazy-oferty-branza-rozrywka-dla-rodzin-z-dziecmi\/\" class=\"rank-math-html-sitemap__link\">Specjalista ds. sprzeda\u017cy oferty \u2013 bran\u017ca rozrywka dla rodzin z dzie\u0107mi<\/a><\/li><li class=\"rank-math-html-sitemap__item\"><a href=\"https:\/\/loopys.pl\/wroclaw\/zimowa-karta-odkrywcy\/\" class=\"rank-math-html-sitemap__link\">Zimowa Karta Odkrywcy<\/a><\/li><li class=\"rank-math-html-sitemap__item\"><a href=\"https:\/\/loopys.pl\/wroclaw\/ferie-zimowe-2025\/\" class=\"rank-math-html-sitemap__link\">Ferie zimowe 2025<\/a><\/li><li class=\"rank-math-html-sitemap__item\"><a href=\"https:\/\/loopys.pl\/wroclaw\/wosp-x-loopys-world-2025\/\" class=\"rank-math-html-sitemap__link\">WO\u015aP x Loopy\u2019s World 2025<\/a><\/li><li class=\"rank-math-html-sitemap__item\"><a href=\"https:\/\/loopys.pl\/wroclaw\/godziny-otwarcia-6-stycznia-2025\/\" class=\"rank-math-html-sitemap__link\">Godziny otwarcia 6 stycznia 2025<\/a><\/li><li class=\"rank-math-html-sitemap__item\"><a href=\"https:\/\/loopys.pl\/wroclaw\/godziny-otwarcia-w-sylwestra-i-nowy-rok\/\" class=\"rank-math-html-sitemap__link\">Godziny otwarcia w Sylwestra i Nowy Rok<\/a><\/li><li class=\"rank-math-html-sitemap__item\"><a href=\"https:\/\/loopys.pl\/wroclaw\/promocja-212\/\" class=\"rank-math-html-sitemap__link\">Promocja 2+1=2!<\/a><\/li><li class=\"rank-math-html-sitemap__item\"><a href=\"https:\/\/loopys.pl\/wroclaw\/swieta-bozego-narodzenia-2024\/\" class=\"rank-math-html-sitemap__link\">\u015awi\u0119ta Bo\u017cego Narodzenia 2024<\/a><\/li><li class=\"rank-math-html-sitemap__item\"><a href=\"https:\/\/loopys.pl\/wroclaw\/mikolajki2024\/\" class=\"rank-math-html-sitemap__link\">\ud83c\udf85Miko\u0142ajki 2024 - sekrety warsztatu \u015bw. Miko\u0142aja\ud83c\udf85<\/a><\/li><li class=\"rank-math-html-sitemap__item\"><a href=\"https:\/\/loopys.pl\/wroclaw\/mikolajkowa_promocja\/\" class=\"rank-math-html-sitemap__link\">Miko\u0142ajkowa promocja na wej\u015bci\u00f3wki do Loopy&#039;s 3+1 gratis\ud83c\udf81<\/a><\/li><li class=\"rank-math-html-sitemap__item\"><a href=\"https:\/\/loopys.pl\/wroclaw\/mikojaki2024-dlagrup\/\" class=\"rank-math-html-sitemap__link\">Odwied\u017a nas z okazji Miko\u0142ajek ze swoj\u0105 grup\u0105! \ud83c\udf85<\/a><\/li><li class=\"rank-math-html-sitemap__item\"><a href=\"https:\/\/loopys.pl\/wroclaw\/11-listopada-godziny-otwarcia%e2%8f%b0\/\" class=\"rank-math-html-sitemap__link\">11 listopada - godziny otwarcia\ud83c\uddf5\ud83c\uddf1<\/a><\/li><li class=\"rank-math-html-sitemap__item\"><a href=\"https:\/\/loopys.pl\/wroclaw\/1listopada-otwarte\/\" class=\"rank-math-html-sitemap__link\">1 listopada - godziny otwarcia\u23f0<\/a><\/li><li class=\"rank-math-html-sitemap__item\"><a href=\"https:\/\/loopys.pl\/wroclaw\/halloween_pazdziernik2024\/\" class=\"rank-math-html-sitemap__link\">Halloween 26-27 pa\u017adziernika 2024 z Loopy&#039;s World\ud83e\udddb<\/a><\/li><li class=\"rank-math-html-sitemap__item\"><a href=\"https:\/\/loopys.pl\/wroclaw\/halloween_2024\/\" class=\"rank-math-html-sitemap__link\">Przekl\u0119ta noc wampir\u00f3w! Halloween 2024\ud83e\udddb\ud83e\udd87<\/a><\/li><li class=\"rank-math-html-sitemap__item\"><a href=\"https:\/\/loopys.pl\/wroclaw\/nieczynne\/\" class=\"rank-math-html-sitemap__link\">2 i 3 wrze\u015bnia - CENTRUM ZAMKNI\u0118TE<\/a><\/li><li class=\"rank-math-html-sitemap__item\"><a href=\"https:\/\/loopys.pl\/wroclaw\/darmowe_plany_lekcji\/\" class=\"rank-math-html-sitemap__link\">Odbierz darmowe plany lekcji dla uczni\u00f3w z Twojej szko\u0142y!\u270f\ufe0f<\/a><\/li><li class=\"rank-math-html-sitemap__item\"><a href=\"https:\/\/loopys.pl\/wroclaw\/impreza_mikolajkowa_2024\/\" class=\"rank-math-html-sitemap__link\">Impreza Miko\u0142ajkowa dla Twoich pracownik\u00f3w! \ud83c\udf85<\/a><\/li><li class=\"rank-math-html-sitemap__item\"><a href=\"https:\/\/loopys.pl\/wroclaw\/budowa_nowych_atrakcji\/\" class=\"rank-math-html-sitemap__link\">Zmieniamy si\u0119 dla Was! \ud83d\udea7 WA\u017bNE INFO!<\/a><\/li><li class=\"rank-math-html-sitemap__item\"><a href=\"https:\/\/loopys.pl\/wroclaw\/zabawa-dla-kazdego-z-samograjem-%f0%9f%8c%b4\/\" class=\"rank-math-html-sitemap__link\">Zabawa dla ka\u017cdego z SamoGrajem! \ud83c\udf34<\/a><\/li><li class=\"rank-math-html-sitemap__item\"><a href=\"https:\/\/loopys.pl\/wroclaw\/wakacje2024\/\" class=\"rank-math-html-sitemap__link\">Wakacje 2024 z Loopy&#039;s World! \ud83c\udf34\ud83c\udf24\ufe0f\ud83c\udf66<\/a><\/li><li class=\"rank-math-html-sitemap__item\"><a href=\"https:\/\/loopys.pl\/wroclaw\/dziendziecka2024\/\" class=\"rank-math-html-sitemap__link\">Dzie\u0144 Dziecka 2024-Na peryferiach Szeryfa! \ud83e\udd20\ud83c\udf88<\/a><\/li><li class=\"rank-math-html-sitemap__item\"><a href=\"https:\/\/loopys.pl\/wroclaw\/majowka-2024-z-loopys-world\/\" class=\"rank-math-html-sitemap__link\">Maj\u00f3wka 2024 z Loopy\u2019s World!<\/a><\/li><li class=\"rank-math-html-sitemap__item\"><a href=\"https:\/\/loopys.pl\/wroclaw\/konkurs-dla-twojej-klasy-top-krzyk-2\/\" class=\"rank-math-html-sitemap__link\">Konkurs dla Twojej klasy- TOP KRZYK<\/a><\/li><li class=\"rank-math-html-sitemap__item\"><a href=\"https:\/\/loopys.pl\/wroclaw\/wosp-x-loopys-world-2024\/\" class=\"rank-math-html-sitemap__link\">WO\u015aP x Loopy\u2019s World 2024<\/a><\/li><li class=\"rank-math-html-sitemap__item\"><a href=\"https:\/\/loopys.pl\/wroclaw\/ferie-zimowe-2024\/\" class=\"rank-math-html-sitemap__link\">Ferie zimowe 2024<\/a><\/li><li class=\"rank-math-html-sitemap__item\"><a href=\"https:\/\/loopys.pl\/wroclaw\/swiateczna-promocja-31%f0%9f%8e%81\/\" class=\"rank-math-html-sitemap__link\">\u015awi\u0105teczna promocja 3+1\ud83c\udf81<\/a><\/li><li class=\"rank-math-html-sitemap__item\"><a href=\"https:\/\/loopys.pl\/wroclaw\/mikolajki-w-loopys-world-eddy-ratuje-gwiazdke%e2%ad%90\/\" class=\"rank-math-html-sitemap__link\">MIKO\u0141AJKI W LOOPY\u2019S WORLD \u2013 Eddy ratuje Gwiazdk\u0119!\u2b50<\/a><\/li><li class=\"rank-math-html-sitemap__item\"><a href=\"https:\/\/loopys.pl\/wroclaw\/konkurs-dla-twojej-klasy-top-krzyk\/\" class=\"rank-math-html-sitemap__link\">Konkurs dla Twojej klasy - TOP KRZYK!<\/a><\/li><li class=\"rank-math-html-sitemap__item\"><a href=\"https:\/\/loopys.pl\/wroclaw\/wypozyczalnia-strojow-dla-dzieci-w-loopys\/\" class=\"rank-math-html-sitemap__link\">Wypo\u017cyczalnia stroj\u00f3w dla dzieci w Loopy\u2019s!<\/a><\/li><li class=\"rank-math-html-sitemap__item\"><a href=\"https:\/\/loopys.pl\/wroclaw\/noc-halloween-zombie-atakuja-w-loopys-world%f0%9f%8e%83\/\" class=\"rank-math-html-sitemap__link\">NOC HALLOWEEN \u2013 zombie atakuj\u0105 w Loopy\u2019s World!\ud83c\udf83<\/a><\/li><li class=\"rank-math-html-sitemap__item\"><a href=\"https:\/\/loopys.pl\/wroclaw\/wakacje-w-loopys-world-2023\/\" class=\"rank-math-html-sitemap__link\">Wakacje w Loopy&#039;s World 2023<\/a><\/li><li class=\"rank-math-html-sitemap__item\"><a href=\"https:\/\/loopys.pl\/wroclaw\/rycerski-dzien-dziecka-w-loopys-world\/\" class=\"rank-math-html-sitemap__link\">Rycerski Dzie\u0144 Dziecka w Loopy&#039;s World<\/a><\/li><li class=\"rank-math-html-sitemap__item\"><a href=\"https:\/\/loopys.pl\/wroclaw\/majowka-2023-z-loopys-world\/\" class=\"rank-math-html-sitemap__link\">Maj\u00f3wka 2023 z Loopy&#039;s World<\/a><\/li><li class=\"rank-math-html-sitemap__item\"><a href=\"https:\/\/loopys.pl\/wroclaw\/oriflame-w-loopys-world\/\" class=\"rank-math-html-sitemap__link\">Oriflame W Loopy&#039;s World<\/a><\/li><li class=\"rank-math-html-sitemap__item\"><a href=\"https:\/\/loopys.pl\/wroclaw\/wosp-x-loopys-world-2023\/\" class=\"rank-math-html-sitemap__link\">WO\u015aP X LOOPY\u2019S WORLD 2023<\/a><\/li><li class=\"rank-math-html-sitemap__item\"><a href=\"https:\/\/loopys.pl\/wroclaw\/najbardziej-rozgrzewajace-ferie-w-trojmiescie\/\" class=\"rank-math-html-sitemap__link\">NAJBARDZIEJ ROZGRZEWAJ\u0104CE FERIE W TR\u00d3JMIE\u015aCIE<\/a><\/li><\/ul><\/div><div class=\"rank-math-html-sitemap__section rank-math-html-sitemap__section--post-type rank-math-html-sitemap__section--page\"><h2 class=\"rank-math-html-sitemap__title\">Strony<\/h2><ul class=\"rank-math-html-sitemap__list\"><li class=\"rank-math-html-sitemap__item\"><a href=\"https:\/\/loopys.pl\/wroclaw\/zapisz\/\" class=\"rank-math-html-sitemap__link\">zapisz<\/a><\/li><li class=\"rank-math-html-sitemap__item\"><a href=\"https:\/\/loopys.pl\/wroclaw\/wp-file-download-search\/\" class=\"rank-math-html-sitemap__link\">WP File download search<\/a><\/li><li class=\"rank-math-html-sitemap__item\"><a href=\"https:\/\/loopys.pl\/wroclaw\/mapa-witryny\/\" class=\"rank-math-html-sitemap__link\">Mapa witryny<\/a><\/li><li class=\"rank-math-html-sitemap__item\"><a href=\"https:\/\/loopys.pl\/wroclaw\/kostiumy-dla-dzieci\/\" class=\"rank-math-html-sitemap__link\">Kostiumy<\/a><\/li><li class=\"rank-math-html-sitemap__item\"><a href=\"https:\/\/loopys.pl\/wroclaw\/do-pobrania\/\" class=\"rank-math-html-sitemap__link\">Do pobrania<\/a><\/li><li class=\"rank-math-html-sitemap__item\"><a href=\"https:\/\/loopys.pl\/wroclaw\/galeria\/\" class=\"rank-math-html-sitemap__link\">Galeria<\/a><\/li><li class=\"rank-math-html-sitemap__item\"><a href=\"https:\/\/loopys.pl\/wroclaw\/faq-czeste-pytania\/\" class=\"rank-math-html-sitemap__link\">FAQ - cz\u0119ste pytania<\/a><\/li><li class=\"rank-math-html-sitemap__item\"><a href=\"https:\/\/loopys.pl\/wroclaw\/organizacja-urodzin-dla-dziecka\/\" class=\"rank-math-html-sitemap__link\">home2<\/a><\/li><li class=\"rank-math-html-sitemap__item\"><a href=\"https:\/\/loopys.pl\/wroclaw\/wejsciowka-do-loopys-world\/\" class=\"rank-math-html-sitemap__link\">Wej\u015bci\u00f3wka do Loopy&#039;s World<\/a><\/li><li class=\"rank-math-html-sitemap__item\"><a href=\"https:\/\/loopys.pl\/wroclaw\/cennik\/\" class=\"rank-math-html-sitemap__link\">Cennik<\/a><\/li><li class=\"rank-math-html-sitemap__item\"><a href=\"https:\/\/loopys.pl\/wroclaw\/kontakt\/\" class=\"rank-math-html-sitemap__link\">Kontakt<\/a><\/li><li class=\"rank-math-html-sitemap__item\"><a href=\"https:\/\/loopys.pl\/wroclaw\/atrakcje-dla-dzieci\/\" class=\"rank-math-html-sitemap__link\">Atrakcje<\/a><\/li><li class=\"rank-math-html-sitemap__item\"><a href=\"https:\/\/loopys.pl\/wroclaw\/przed-wizyta\/\" class=\"rank-math-html-sitemap__link\">Przed wizyt\u0105<\/a><ul class=\"rank-math-html-sitemap__list\"><li class=\"rank-math-html-sitemap__item\"><a href=\"https:\/\/loopys.pl\/wroclaw\/przed-wizyta\/regulamin\/\" class=\"rank-math-html-sitemap__link\">Regulamin<\/a><\/li><li class=\"rank-math-html-sitemap__item\"><a href=\"https:\/\/loopys.pl\/wroclaw\/przed-wizyta\/polityka-prywatnosci\/\" class=\"rank-math-html-sitemap__link\">Polityka prywatno\u015bci<\/a><\/li><li class=\"rank-math-html-sitemap__item\"><a href=\"https:\/\/loopys.pl\/wroclaw\/przed-wizyta\/zasady\/\" class=\"rank-math-html-sitemap__link\">Zasady<\/a><\/li><li class=\"rank-math-html-sitemap__item\"><a href=\"https:\/\/loopys.pl\/wroclaw\/przed-wizyta\/bezpieczenstwo\/\" class=\"rank-math-html-sitemap__link\">Bezpiecze\u0144stwo<\/a><\/li><\/ul><\/li><li class=\"rank-math-html-sitemap__item\"><a href=\"https:\/\/loopys.pl\/wroclaw\/oferta-imprezy-dzieciece\/\" class=\"rank-math-html-sitemap__link\">Oferta<\/a><ul class=\"rank-math-html-sitemap__list\"><li class=\"rank-math-html-sitemap__item\"><a href=\"https:\/\/loopys.pl\/wroclaw\/oferta-imprezy-dzieciece\/urodziny\/\" class=\"rank-math-html-sitemap__link\">Urodziny<\/a><ul class=\"rank-math-html-sitemap__list\"><li class=\"rank-math-html-sitemap__item\"><a href=\"https:\/\/loopys.pl\/wroclaw\/oferta-imprezy-dzieciece\/urodziny\/regulamin-urodzin\/\" class=\"rank-math-html-sitemap__link\">Regulamin urodzin<\/a><\/li><li class=\"rank-math-html-sitemap__item\"><a href=\"https:\/\/loopys.pl\/wroclaw\/oferta-imprezy-dzieciece\/urodziny\/zarezerwuj-urodziny\/\" class=\"rank-math-html-sitemap__link\">Zarezerwuj urodziny<\/a><\/li><li class=\"rank-math-html-sitemap__item\"><a href=\"https:\/\/loopys.pl\/wroclaw\/oferta-imprezy-dzieciece\/urodziny\/cennik-imprezy-urodzinowej\/\" class=\"rank-math-html-sitemap__link\">Cennik imprezy urodzinowej<\/a><\/li><li class=\"rank-math-html-sitemap__item\"><a href=\"https:\/\/loopys.pl\/wroclaw\/oferta-imprezy-dzieciece\/urodziny\/pobierz-zaproszenia\/\" class=\"rank-math-html-sitemap__link\">Pobierz zaproszenia<\/a><\/li><\/ul><\/li><li class=\"rank-math-html-sitemap__item\"><a href=\"https:\/\/loopys.pl\/wroclaw\/oferta-imprezy-dzieciece\/abonamenty\/\" class=\"rank-math-html-sitemap__link\">Abonamenty<\/a><ul class=\"rank-math-html-sitemap__list\"><li class=\"rank-math-html-sitemap__item\"><a href=\"https:\/\/loopys.pl\/wroclaw\/oferta-imprezy-dzieciece\/abonamenty\/karta-juniora\/\" class=\"rank-math-html-sitemap__link\">Karta Juniora<\/a><\/li><li class=\"rank-math-html-sitemap__item\"><a href=\"https:\/\/loopys.pl\/wroclaw\/oferta-imprezy-dzieciece\/abonamenty\/karta-malucha\/\" class=\"rank-math-html-sitemap__link\">Karta Malucha<\/a><\/li><\/ul><\/li><li class=\"rank-math-html-sitemap__item\"><a href=\"https:\/\/loopys.pl\/wroclaw\/oferta-imprezy-dzieciece\/grupy-zorganizowane\/\" class=\"rank-math-html-sitemap__link\">Grupy zorganizowane<\/a><ul class=\"rank-math-html-sitemap__list\"><li class=\"rank-math-html-sitemap__item\"><a href=\"https:\/\/loopys.pl\/wroclaw\/oferta-imprezy-dzieciece\/grupy-zorganizowane\/regulamin-grup-zorganizowanych\/\" class=\"rank-math-html-sitemap__link\">Regulamin grup zorganizowanych<\/a><\/li><li class=\"rank-math-html-sitemap__item\"><a href=\"https:\/\/loopys.pl\/wroclaw\/oferta-imprezy-dzieciece\/grupy-zorganizowane\/oferta-dla-grup\/\" class=\"rank-math-html-sitemap__link\">Oferta dla grup<\/a><\/li><li class=\"rank-math-html-sitemap__item\"><a href=\"https:\/\/loopys.pl\/wroclaw\/oferta-imprezy-dzieciece\/grupy-zorganizowane\/zasady-dla-grup\/\" class=\"rank-math-html-sitemap__link\">Zasady dla grup<\/a><\/li><li class=\"rank-math-html-sitemap__item\"><a href=\"https:\/\/loopys.pl\/wroclaw\/oferta-imprezy-dzieciece\/grupy-zorganizowane\/cennik-dla-grup\/\" class=\"rank-math-html-sitemap__link\">Cennik dla grup<\/a><\/li><\/ul><\/li><li class=\"rank-math-html-sitemap__item\"><a href=\"https:\/\/loopys.pl\/wroclaw\/oferta-imprezy-dzieciece\/imprezy-firmowe-wroclaw\/\" class=\"rank-math-html-sitemap__link\">Firmy<\/a><ul class=\"rank-math-html-sitemap__list\"><li class=\"rank-math-html-sitemap__item\"><a href=\"https:\/\/loopys.pl\/wroclaw\/oferta-imprezy-dzieciece\/imprezy-firmowe-wroclaw\/reklama\/\" class=\"rank-math-html-sitemap__link\">Reklama<\/a><\/li><li class=\"rank-math-html-sitemap__item\"><a href=\"https:\/\/loopys.pl\/wroclaw\/oferta-imprezy-dzieciece\/imprezy-firmowe-wroclaw\/wejsciowki-wroclaw\/\" class=\"rank-math-html-sitemap__link\">Wej\u015bci\u00f3wki<\/a><\/li><li class=\"rank-math-html-sitemap__item\"><a href=\"https:\/\/loopys.pl\/wroclaw\/oferta-imprezy-dzieciece\/imprezy-firmowe-wroclaw\/imprezy-firmowe-wroclaw\/\" class=\"rank-math-html-sitemap__link\">Imprezy firmowe<\/a><\/li><\/ul><\/li><\/ul><\/li><li class=\"rank-math-html-sitemap__item\"><a href=\"https:\/\/loopys.pl\/wroclaw\/restauracja\/\" class=\"rank-math-html-sitemap__link\">Restauracja<\/a><\/li><li class=\"rank-math-html-sitemap__item\"><a href=\"https:\/\/loopys.pl\/wroclaw\/\" class=\"rank-math-html-sitemap__link\">Start<\/a><\/li><\/ul><\/div><\/div>\n<\/div><\/div>\n\n<\/div><\/div>","protected":false},"excerpt":{"rendered":"","protected":false},"author":11,"featured_media":0,"parent":0,"menu_order":0,"comment_status":"closed","ping_status":"closed","template":"","meta":{"_acf_changed":false,"_kad_blocks_custom_css":"","_kad_blocks_head_custom_js":"","_kad_blocks_body_custom_js":"","_kad_blocks_footer_custom_js":"","_kad_post_transparent":"","_kad_post_title":"","_kad_post_layout":"normal","_kad_post_sidebar_id":"","_kad_post_content_style":"","_kad_post_vertical_padding":"show","_kad_post_feature":"","_kad_post_feature_position":"","_kad_post_header":false,"_kad_post_footer":false,"_kad_post_classname":"","footnotes":""},"class_list":["post-19027","page","type-page","status-publish","hentry"],"acf":[],"taxonomy_info":[],"featured_image_src_large":false,"author_info":{"display_name":"Michal","author_link":"https:\/\/loopys.pl\/wroclaw\/author\/michal2\/"},"comment_info":0,"_links":{"self":[{"href":"https:\/\/loopys.pl\/wroclaw\/wp-json\/wp\/v2\/pages\/19027","targetHints":{"allow":["GET"]}}],"collection":[{"href":"https:\/\/loopys.pl\/wroclaw\/wp-json\/wp\/v2\/pages"}],"about":[{"href":"https:\/\/loopys.pl\/wroclaw\/wp-json\/wp\/v2\/types\/page"}],"author":[{"embeddable":true,"href":"https:\/\/loopys.pl\/wroclaw\/wp-json\/wp\/v2\/users\/11"}],"replies":[{"embeddable":true,"href":"https:\/\/loopys.pl\/wroclaw\/wp-json\/wp\/v2\/comments?post=19027"}],"version-history":[{"count":0,"href":"https:\/\/loopys.pl\/wroclaw\/wp-json\/wp\/v2\/pages\/19027\/revisions"}],"wp:attachment":[{"href":"https:\/\/loopys.pl\/wroclaw\/wp-json\/wp\/v2\/media?parent=19027"}],"curies":[{"name":"wp","href":"https:\/\/api.w.org\/{rel}","templated":true}]}}